pose 3*m + p - 4083 = 0, -5*m + u = -p + 503. Is m a composite number?
False
Suppose 1371 = -4*o + 4879. Suppose 3*t = -5*c + 1139, -5*c + 855 = t - 288. Suppose o = 7*q - c. Is q a composite number?
True
Let g(d) = 2900*d**2 - d - 2. Let i be 1/((12/(-6) + 1)/1). Is g(i) prime?
False
Suppose -2*t - 193282 = -2*q, q = 4*t + 110742 - 14107. Is q a composite number?
False
Let r(h) = h**2 - 26*h + 9. Let f be r(35). Let a = 563 - f. Is a prime?
True
Suppose 9*g - 20 = 7. Suppose -g + 3 = -7*h. Suppose h = z + z - 358. Is z a prime number?
True
Let v(q) = -2369*q - 1021. Is v(-10) a prime number?
True
Suppose 5*m - 3*h = -13173, -2*m + 5*h - 3887 = 1367. Let f(b) = 33*b**2 - 3*b - 22. Let n be f(-5). Let k = n - m. Is k prime?
False
Is (464524/4)/(3 - -7 - 9) a composite number?
False
Let f(u) = 3406*u + 729. Is f(8) composite?
True
Suppose 33*s = -26 + 26. Let b = -48 + 166. Suppose i - b - 43 = s. Is i prime?
False
Let l(k) = -9569*k - 1550. Is l(-39) composite?
True
Is 127 + -134 - (-1)/(3/13740) composite?
True
Is ((12/(-9))/(-2))/((-5)/((-39423060)/24)) composite?
False
Suppose 10 = -w + 15. Suppose 0 = -w*l - 3*g, -5 = g - 0*g. Suppose 526 = l*j - 2*j. Is j a composite number?
True
Let a = 799 + -799. Suppose -77*w + 59*w + 308646 = a. Is w a composite number?
True
Let k be (1998/4)/9*(-4)/(-6). Let m(y) = 347*y + 140. Is m(k) composite?
False
Let j(f) = 188*f + 24. Let b be j(9). Suppose 18*d - 4250 = -5*o + 15*d, -2*o + 2*d = -b. Is o a prime number?
True
Let j(a) = 123*a**2 - 27*a - 9. Let l(g) = -121*g**2 + 27*g + 9. Let o(k) = 5*j(k) + 4*l(k). Is o(-4) a prime number?
False
Let f(s) = 63*s**2 - 71*s - 331. Is f(23) a prime number?
False
Suppose 5*n - 3*c = 13, -5*n + n = 5*c - 3. Suppose -31347 = -v - 2*v - 3*y, -3*v + 31367 = -n*y. Is v a composite number?
False
Let w(u) = -2628*u + 149. Is w(-13) prime?
True
Let y = -51275 - -85924. Is y composite?
False
Suppose 13*y - 25 - 1 = 0. Suppose -5*d - s = -20472, -y*d + 8186 = -2*s + s. Suppose -3*c = -d - 8239. Is c a composite number?
False
Suppose w - 26 = -5*f - w, 1 = -2*f + 3*w. Suppose -8*c - y + 4 = -f*c, y - 4 = 2*c. Is 1510/5 + (c - 1) prime?
False
Let x(z) = 15*z**2 - 159*z + 2685. Let y be x(19). Suppose -2*d + 12598 = -4*l, -4*d - 9471 = 3*l - d. Let g = y + l. Is g composite?
True
Suppose 0 = 9*j + 45850 - 5026. Let x = j - -7343. Is x prime?
False
Suppose 5*l + 40006 = 3*i, -5*l - 35 = -10. Is i composite?
False
Let t = -31389 - -165500. Is t a prime number?
False
Suppose 32594162 + 25367048 = 69*u + 22544269. Is u composite?
True
Let r(m) = -m + 8. Let a be r(0). Suppose 3*f - a*f + 6280 = 0. Is -4 + f - (2 + -3 + -2) composite?
True
Let q = 4 - 5. Let r be q/((-3)/(-36)*-3). Is (0 + -2)/(r/(-614)) a composite number?
False
Suppose -3*f + d - 100 = -3*d, 0 = 4*f + 4*d + 180. Let s = 43 + f. Suppose -7*w + s*w + 12 = 0, -4*i + 2*w + 2590 = 0. Is i a prime number?
False
Suppose -24710*i - 598184 = -24718*i. Is i composite?
True
Let l = 66922 + -37869. Is l composite?
True
Let v(y) = -y**3 - 6*y**2 + 12*y + 1. Let k be v(-8). Suppose 0 = -k*r + 40*r - 49. Suppose r*b = 218 + 125. Is b a composite number?
True
Let f = -235960 + 2036969. Is f composite?
True
Let t = -12 - -21. Let z = 145626 - 87465. Suppose 7896 - z = -t*a. Is a a prime number?
False
Let a(r) = -482*r - 245. Is a(-53) prime?
True
Let c = -54 + 48. Let q(d) = 10*d + 9. Let m be q(c). Let i = m + 130. Is i a prime number?
True
Suppose -40*b - 39*b = -117*b + 6704606. Is b composite?
True
Suppose 0 = -j + 4*n + 5 + 2, -2*j + 4 = 2*n. Suppose c + 7*p = j*p + 53343, 4*p = -3*c + 160037. Is c a prime number?
False
Let i(z) = 78*z + 74. Is i(18) a prime number?
False
Let w = 2091 + -444. Let m = w + -956. Is m composite?
False
Suppose -277*i + 369*i - 3086324 = 0. Is i prime?
True
Let v(o) = -o + 13. Let n be v(8). Suppose 0 = 6*f - n*f - 3*q - 3587, f = 4*q + 3587. Is f prime?
False
Let x = -305 - -301. Is (-4406)/x + (-39)/(-26) a composite number?
False
Let w be (4/2)/(-2)*18. Let x be w/(-24) - 2/(-8). Is ((-24)/72)/(x/(-8859)) composite?
False
Let n = -17258 - -428427. Is n composite?
True
Let d = 622 + 5827. Is d prime?
True
Is 8/(-6) + 841338/27 + (-4)/12 a composite number?
False
Let i(w) = -w**3 + 7*w**2 - 6*w + 6. Let a be i(4). Let q = -25 + a. Suppose m - 5322 = -q*m. Is m a prime number?
True
Let y be 12/(-10) - -12*(-24)/(-90). Suppose -7*v + 3*v + 7790 = -3*h, y*h = -3*v + 5851. Is v a prime number?
True
Let s = 383082 - 156959. Is s composite?
False
Suppose -x = x + 3*z - 54, 3*x + 5*z = 80. Is 11994/15 - 13/(650/x) composite?
True
Suppose -f + 278397 = -3*k + 5*k, -2*k - 2*f + 278396 = 0. Is k prime?
True
Let l(u) = -u**3 - 17*u**2 + 19*u + 4. Let s be l(-21). Suppose 4*m - 4097 = -3*j, 0*j + j + 3*m = s. Is j composite?
True
Let w be (-4)/(-8) + (-5)/(-2). Let p = 110 + -106. Suppose 0 = -2*r - p*x + 83 + 227, 3*x = -w. Is r a composite number?
False
Suppose -2643 - 224283 = -6*o. Suppose 7*s = -3*a + 11*s + o, 0 = -3*a + 3*s + 37821. Is a prime?
False
Let w = -230 - -1072. Suppose 0 = 3*a + 2*v - 1273, -3*a + 3*v = -5*a + w. Is a a composite number?
True
Suppose 7*u - 18496 = -5427. Is u composite?
False
Suppose -2*c + 3*p = -9 - 7, -p - 2 = 0. Suppose 0 = -2*j + 3*x + 3925, -c*j - 5*x + 7839 = -j. Is j composite?
True
Suppose 3*y = -5*d + 370944, -2877*d + 2878*d + 247283 = 2*y. Is y a prime number?
False
Suppose 11465117 = 22*j - 17192677. Is j a prime number?
False
Is 214070/(-3)*(13 + (-174)/12) composite?
True
Let w = 84 + -48. Let r be (7 + w/(-4))*(-1434)/2. Suppose r = -9*c + 7743. Is c composite?
False
Suppose 2*m = 1 + 3, -4*m = -2*g - 556. Let h be (-2)/(6*(-3)/3501). Let s = g + h. Is s a prime number?
False
Let l(a) = -270*a - 20. Let r(z) = -z**3 - 7*z**2 - 3*z + 14. Let t be r(-6). Let g be l(t). Let v = g - 263. Is v a prime number?
True
Let r be ((-205)/3)/(92/(-3588)). Suppose -2*d - 12334 = -j - r, 0 = -j - 2*d + 9653. Is j prime?
True
Let c = 89 - 86. Suppose -31 + 6 = -y + 4*l, -39 = -c*y + 3*l. Suppose -3*m = -y, -3509 = -0*g - 4*g + m. Is g prime?
False
Let l be (-21)/7 - (8*-2)/2. Suppose 0 = 4*x - l*b + 3, 22 = x + 5*b + 4. Is ((-2 - -1)/x)/(2/(-13902)) prime?
False
Suppose 3*d = -f + 17, -4*f - 4*d = -3*d - 13. Suppose j = -f*v + 3*v + 2120, -v = 3*j - 6372. Is j a composite number?
True
Suppose -j = -2*f, -6*f + 5 = -f. Suppose -g = j, 5*g = -o - o + 4. Suppose o*q = 3*q + 332. Is q a prime number?
True
Suppose -64*g = 62*g - 132*g + 629214. Is g composite?
False
Let f(k) = -281*k - 52. Suppose -5 = v - 0, 2*s + 20 = 2*v. Is f(s) prime?
False
Suppose -28*p - 979828 = 24*p - 56*p. Is p composite?
False
Let q(v) = 22*v + 18*v - 58*v + 20*v + 4091. Is q(0) prime?
True
Let x(a) = -38 - 56*a - 32*a + 49*a. Is x(-7) a composite number?
True
Suppose -543 = -3*u + 6*u. Let w = 198 - u. Is w a prime number?
True
Suppose 260*a + 2805095 = 265*a. Is a prime?
True
Let h be (0 - -5)*(-25025)/(-25). Let v = h - -1384. Is v a prime number?
True
Let v be (-3)/(-2) - (-8 + 5)/(-6). Is 166 + v + (-26)/(-13) a composite number?
True
Let u = 132 - 80. Let h(m) = m**3 + 23*m**2 + 2*m + 38. Let r be h(-23). Is (0 - (-41697)/39) + r/u composite?
False
Suppose -d + 2*g = -11*g - 3073664, -4*d + 3*g + 12294803 = 0. Is d prime?
True
Suppose 0 = 191*s - 184*s - 1351553. Is s a composite number?
True
Suppose 4*n - o - 35989 = 0, 75*o - 77*o = 4*n - 36010. Is n a prime number?
True
Suppose -60 = -2*c + 5*b, -2*b = 4*c - 3*b - 102. Let w be (-4 - c/(-5))*-1388. Let i = 2185 + w. Is i a prime number?
True
Suppose -7*j + 2*j - p + 70 = 0, j = p + 14. Let c(q) = 85*q**2 - 19 - 2*q + 17*q**2 + j. Is c(3) a prime number?
True
Let h be (6/5)/((-1)/(-5)). Is (-1 - -6)*(4 - (-1351 - h)) a prime number?
False
Let t(u) = -48*u - 27. Suppose -2*n + 4*c - 18 = 0, -5*n + 16 - 47 = 4*c. Let s(x) = 2*x + 3. Let p be s(n). Is t(p) a prime number?
False
Let z = 124242 + 46199. Is z a composite number?
False
Suppose -281*h - 255333 = -294*h. Is h composite?
True
Let q(a) be the first derivative of 219*a**2 + 7*a + 16. Is q(4) a composite number?
False
Is -7*(-2863179)/(-66)*4/(-6) composite?
True
Let s = 5661 + -3978. Let x = -302 + s. Is x composite?
False
Let t(j) = 3*j**2 - 173*j - 813. Is t(-98) a prime number?
